 - 29 = 12. What is the tens digit of b(k)?
2
Let o(d) = 3*d**3 - 5*d**2 - 4*d + 1. What is the units digit of o(4)?
7
Let s = -26 - -53. What is the units digit of s?
7
Let l be (-8)/(-28) - 37/7. Let z = 26 - l. What is the units digit of z?
1
Let j(d) = -7*d + 10. What is the tens digit of j(-5)?
4
Suppose -288 = -0*f + 2*f. What is the tens digit of f/(-10) + 4/(-10)?
1
Suppose 5*w = -0*w + 40. What is the tens digit of (-27)/(-2) + w/16?
1
Suppose 2*y = -0*y + 8. Let j = 10 - 7. Suppose u = j*u - y. What is the units digit of u?
2
Suppose 2*x = -2*i - 13 + 3, -3*i = x + 15. Suppose x = -o - o + 14. Suppose u - 5 = o. What is the tens digit of u?
1
Let d(j) be the second derivative of -j**3/3 - 3*j. Let x(s) = -s**3 - 5*s**2 + 2*s + 6. Let k be x(-5). What is the units digit of d(k)?
8
Suppose 5 = q + 4*q. Suppose 0 = 4*i - 21 + q. What is the units digit of i?
5
Let d(p) = -p**2 + 6*p - 3. Let a be d(6). Let y be 1/(-3) - 10/a. Suppose 0 = -y*h - 4 + 34. What is the tens digit of h?
1
Suppose g + g = 20. Let t = 19 - g. What is the units digit of t?
9
Suppose 5*u - 190 = 2*t, 3*u - 4*t = -2*u + 190. Suppose -3*b - u = -5*b. What is the tens digit of b?
1
Let p = 60 - 38. Let q = 12 + -7. Suppose 7*n = q*n + p. What is the tens digit of n?
1
Suppose -o = -b + 5, 0 = b + b - 4*o - 2. Suppose -b = 2*x - 5*x. Suppose x*p - 39 = -4*g, 2*g - p = -0*g + 7. What is the units digit of g?
6
Suppose r + r - 16 = 0. Let m = r + -11. What is the units digit of (-2 - m)/(1/1)?
1
Let w be 0 - (3*-4 + 0). Suppose 3*c + 3*m - 27 = 0, -5*m - 8 = -2*c + 3. Let y = w - c. What is the units digit of y?
4
What is the units digit of (-6)/8 + (-295)/(-20)?
4
Suppose 4*y + 44 = 4*u, 2*u - 4*u - 3*y = -42. What is the units digit of u?
5
Let w(m) = -m**3 - 5*m**2 + m - 10. What is the units digit of w(-9)?
5
Let i = -85 - -156. What is the tens digit of i?
7
Suppose 0 = -j - 9 + 111. What is the units digit of j?
2
Suppose -3*p + 10 = n + 4*n, -2*n + 2*p = -4. Let d = n + 6. What is the units digit of d?
8
Let d = 12 - 9. Suppose -4*r = -d*g + 49, 3*r = -3*g + 8*r + 47. What is the units digit of g?
9
Let m = 12 + -9. Suppose -5*l + 11 = 4*q - 0, q = m*l - 10. What is the units digit of l?
3
Suppose -5*k + 32 = -5*s + 107, 0 = -2*s + k + 35. What is the units digit of 12/s + (-234)/(-10)?
4
Let c = 3 + 1. Suppose c*n - 2*t - 21 - 59 = 0, 0 = 3*n + 3*t - 42. Suppose -3*p + 45 = n. What is the units digit of p?
9
Suppose -14 = 2*h - 4*x - 0*x, -4*h + x - 21 = 0. Let j = h + 14. What is the units digit of j?
9
Suppose -4*n + 16 = 4*q, 5*q + 1 = 2*n - 0*q. What is the units digit of n?
3
Let f(u) = u**2 + 6*u + 8. Let n be f(-6). Let c = 12 - n. What is the units digit of c?
4
Let o = -15 - -15. Suppose w - 5*w + 76 = o. What is the units digit of w?
9
Suppose -26 = -4*v - 3*j, 4*v - 4*j - j = 42. Suppose 2*r = -3*c + 9 - 1, -2*r + v = 0. Let o(a) = -a**3 + a + 3. What is the units digit of o(c)?
3
Let k(c) = c**2 - 4*c - 5. What is the units digit of k(-6)?
5
What is the units digit of (-3)/(-5) + (-1224)/(-60)?
1
Let z = -48 - -1. Let i = z + 82. What is the tens digit of i?
3
Let h(v) = -15*v + 6. What is the tens digit of h(-3)?
5
Let k(u) = -u**3 - 3*u + 7. What is the tens digit of k(-4)?
8
What is the tens digit of -5 + (-1252)/(-4) - 5?
0
Let m = 0 + -9. What is the tens digit of m/3 + 32/2?
1
Suppose -n + 0*n - 3*j = -104, 5*n = 2*j + 469. What is the units digit of n?
5
Let v(q) = 32*q - 26. What is the tens digit of v(6)?
6
Let f(o) = -4*o**2 + 3*o - 2. Suppose 7*u - 10 = 2*u. Let l be f(u). What is the units digit of (-8)/(-5) + l/(-30)?
2
Let i = 1 + -1. Suppose -5*m - 2*f + 9 = -4, -3*m - 9 = -3*f. Let r = i + m. What is the units digit of r?
1
Suppose 2*a - 104 = -32. What is the tens digit of a?
3
Suppose -r + 18 - 7 = 0. Suppose -3*u + 4*x = r, u + 0*x + 22 = 5*x. Let g = 4 + u. What is the units digit of g?
7
Let t(g) = -4*g**2 + 1 + 2*g**3 + 2 + 3*g**2 - 2. What is the tens digit of t(2)?
1
Let k = -931 - -1307. What is the hundreds digit of k?
3
Let z(v) = -v**3 + 6*v**2 + 6*v + 4. Let c be z(6). Suppose 0 = -4*j - 8 + c. What is the units digit of j?
8
Suppose 0 = 2*f - 3*f + 3. Suppose u + f + 5 = -5*j, 0 = 5*u + 5*j - 20. What is the units digit of u?
7
Let g(x) = -3*x - 6 + 5*x**3 - 4*x**3 + 7*x**2 - 2*x**3. What is the tens digit of g(5)?
2
Let s(z) = z**3 + 4*z**2 + z + 2. Let f be s(-4). Let x = f - -6. What is the units digit of 2/x*(-16)/(-2)?
4
Let x(l) = -l**3 + 10*l**2 + 12. What is the tens digit of x(10)?
1
Let j(x) = -x**2 - 5*x - 4. Let h be j(-3). Let c be (16/(-10))/(h/(-10)). Suppose -2*z - 5*m - 9 = 0, 1 = -3*m - c. What is the units digit of z?
3
Let o = 8 - 6. Suppose -f - 15 = -o*f. What is the tens digit of f?
1
Let u(j) = j**3 + 8*j**2 - 10*j - 7. Let i be u(-9). Suppose -i*r + 49 = 7. What is the units digit of r?
1
Suppose 0 = 2*b - 31 - 105. What is the tens digit of b?
6
Let w(d) = -d + 1. Let o be w(4). What is the units digit of (3/2)/(o/(-8))?
4
Suppose 5*g - 4*z = 438, -2*z = -3*g + 2*z + 258. What is the units digit of g?
0
Suppose -8*p + 5*p = 51. Let s = 27 + p. What is the tens digit of s?
1
What is the tens digit of (21/(-2))/(3/(-168)*6)?
9
Let l = -63 - -192. What is the hundreds digit of l?
1
Let t = 117 + -62. What is the units digit of t?
5
Let n(y) = -17*y + 2. Let t be n(1). Let s(z) = 4*z - 2. Let c be s(-4). What is the units digit of (6/c)/(1/t)?
5
What is the units digit of ((30/(-8))/5)/(2/(-192))?
2
Let g(d) = 4*d - 4. Let q be g(3). Suppose 4*w = q, -2*v = v + w - 8. What is the units digit of v?
2
Suppose -2*l = b + 3*b - 12, 0 = 2*l + b - 3. Let j(o) = -3*o - 13. Let f be j(-10). Suppose -d = -1, 3*p + p - 3*d - f = l. What is the units digit of p?
5
Let h(q) = -3*q**2 - 5*q - 11. Let o(r) = -7*r**2 - 9*r - 23. Let k(v) = -5*h(v) + 2*o(v). What is the units digit of k(-6)?
3
Let j be 18 + 4/(4/(-3)). Suppose -5*h + 0*h + j = 0. What is the units digit of h?
3
Suppose 4*w = -114 - 6. What is the tens digit of 72/w*1*-5?
1
Let j(w) = 3*w + 11. Let i(z) = -7*z - 23. Let r(q) = -6*i(q) - 13*j(q). Let t be r(5). Let c = -2 + t. What is the units digit of c?
8
Suppose -2*y - 5*g - 35 = 3*y, -2*y - 14 = 4*g. Let v = y + 8. What is the units digit of v?
1
Let z be (20/6 + -3)*-69. Let s = -10 - z. What is the tens digit of s?
1
Let f be 4/18 + (-170)/(-45). Suppose 0 = 5*w + f - 44. What is the units digit of w?
8
Let a be (6/5)/(3/10). Suppose a*v = 4*i + 24, -v = 4*v - 4*i - 35. What is the units digit of v?
1
What is the hundreds digit of (0 - 6/(-10))*(3 - -202)?
1
What is the tens digit of (-14)/4*(-10 - 0)?
3
Let l be (-3 - -7)*10/(-8). Let o(d) = -d + 1. Let p be o(l). Let n = 0 + p. What is the units digit of n?
6
Let a = 489 + -270. What is the units digit of a?
9
Let m = 76 + -65. What is the tens digit of m?
1
Let o(k) = -k**3 + k**2 + 19. Suppose -4*t + 5*d - 5 = 0, 2*t + 4*d - 4 = 4*t. What is the tens digit of o(t)?
1
What is the units digit of (38/8)/(146/72 - 2)?
1
Let q(r) = -r. Let k = -11 + 5. Let w = k - -2. What is the units digit of q(w)?
4
Let f(p) = p**2 + 2*p + 1. What is the units digit of f(-4)?
9
Suppose 5*n + 5*h = 50, 2*n - 23 = -5*h + 2*h. Let k(y) be the third derivative of -y**5/60 + y**4/3 - 2*y**3/3 + 2*y**2. What is the units digit of k(n)?
3
Let c(m) = m**3 - 3*m - 3. Suppose n - 5*n + 12 = 0. What is the tens digit of c(n)?
1
Suppose 3*z = 53 - 8. What is the units digit of z?
5
Let n be 10/55 + (-18)/(-22). Suppose -4*q + 3 + n = 0. What is the units digit of q?
1
Suppose -o = -2*b - 3*b - 19, 5*o + b = -9. What is the units digit of 55*(3/(-5) - o)?
2
Let x = -1 - 2. Let j be (-4)/(-10) - x/5. Suppose j + 4 = 5*d. What is the units digit of d?
1
Suppose 0 = 5*k + 5 + 5. Suppose -3*p - 6 = 2*f - 4*f, 0 = -f - 3*p + 12. Let t = f - k. What is the units digit of t?
8
What is the tens digit of 640/28 + 1/7?
2
Let v be 108 - 1/(3/(-6)). Suppose -8*m + 3*m + v = 0. What is the units digit of m?
2
Let v be 25/6 + (-1)/6. Suppose 5*o = -v*c - 72, 3*o + 42 + 14 = 4*c. What is the units digit of (-26)/(-8) - (-4)/o?
3
Suppose 2*n = 10 + 8. Let s = n - -28. What is the tens digit of s?
3
Let g = 6 - 6. Suppose g = -5*f + n + 58, -6*n = -2*f - 2*n + 16. Let x = -7 + f. W